{"id":15002,"date":"2021-02-13T12:00:30","date_gmt":"2021-02-13T11:00:30","guid":{"rendered":"https:\/\/ams.monster\/blogg\/clone-of-dommer-fra-norske-domstoler\/"},"modified":"2025-05-10T14:13:36","modified_gmt":"2025-05-10T14:13:36","slug":"gebyr-saker-i-tingretten","status":"publish","type":"page","link":"https:\/\/ams.monster\/blogg\/gebyr-saker-i-tingretten\/","title":{"rendered":"Gebyr saker i Tingretten"},"content":{"rendered":"<h2 data-alt-text=\"Tingrettens behandling av sm\u00e5kravsaker,avlesningsgebyret for kunder uten AMS\" id=\"t-1672419070674\">Tingrettens behandling av sm\u00e5kravsaker<\/h2>\n<h3 data-alt-text=\"Tingrettens behandling av sm\u00e5kravsaker,avlesningsgebyret for kunder uten AMS\">Avlesningsgebyr for kunder uten AMS<\/h3>\n<p data-end=\"409\" data-start=\"188\"><a href=\"https:\/\/ams.monster\/dok\/Sm%C3%A5kravsprosess-domstol.no.pdf\" target=\"_blank\">Sm\u00e5kravsprosess er en enkel, rask og rimelig m\u00e5te \u00e5 behandle sivile tvister p\u00e5<\/a>. P\u00e5 <em data-end=\"283\" data-start=\"271\">domstol.no<\/em> finner du en oversikt over hvilke saker som kan behandles etter reglene om sm\u00e5kravsprosess, samt hva som skjer i slike saker.<\/p>\n<p data-end=\"649\" data-start=\"411\">I det norske rettssystemet er domstolene, konfliktr\u00e5det og forliksr\u00e5det sentrale institusjoner. Konfliktr\u00e5d og forliksr\u00e5d fors\u00f8ker \u00e5 l\u00f8se tvister gjennom mekling, slik at det ofte ikke er n\u00f8dvendig \u00e5 ta saken til domstolen. <a href=\"https:\/\/www.regjeringen.no\/no\/tema\/lov-og-rett\/innsikt\/domstoler-konfliktrad-og-forliksrad\/id2006073\/\" target=\"_blank\">[Les mer her.]<\/a><\/p>\n<p data-end=\"916\" data-start=\"651\">Etter <a href=\"https:\/\/lovdata.no\/lov\/2005-06-17-90\/%C2%A711-5\" target=\"_blank\">tvisteloven \u00a7 11-5 <\/a>har retten veiledningsplikt. Det inneb\u00e6rer at retten skal informere partene om relevante regler og prosedyrer, slik at de kan ivareta sine interesser. Retten skal ogs\u00e5 forebygge og rette opp feil underveis i saksbehandlingen. <a href=\"https:\/\/jusinfo.no\/sivilprosess\/saksforberedelse-og-rettsmoter\/rettens-veiledning-og-saksstyring\/\" target=\"_blank\" style=\"outline: none;\">[Les mer her.]<\/a><\/p>\n<p data-end=\"981\" data-start=\"918\"><a href=\"https:\/\/lovdata.no\/dokument\/NL\/lov\/2005-06-17-90\" target=\"_blank\"><strong data-end=\"981\" data-start=\"918\">Lov om mekling og rettergang i sivile tvister (tvisteloven)<\/strong><\/a><\/p>\n<p data-end=\"1351\" data-start=\"983\">V\u00e6r oppmerksom p\u00e5 at sm\u00e5krav knyttet til gebyrer \u2013 som for eksempel avlesningsgebyr for kunder uten AMS \u2013 i noen tilfeller kan danne presedens for lignende saker. Utfallet vil likevel avhenge av de konkrete omstendighetene. Det finnes alltid en risiko for at dommeren tar en feil avgj\u00f8relse, s\u00e6rlig i saker der Staten er motpart. Det er derfor viktig \u00e5 v\u00e6re forberedt.<\/p>\n<p><span data-attr-css=\"\" data-attr-link=\"1\" data-attr-rel=\"0\" data-attr-static-link=\"{&quot;className&quot;:&quot;&quot;,&quot;href&quot;:&quot;https:\/\/ams.monster\/blogg\/knut-lockert-fjotten-i-distriktsenergi-er-bekymret-for-at-bransjen-mister-sugeroret-i-forbrukerens-lommebok\/&quot;,&quot;title&quot;:&quot;Knut Lockert, fjotten i bransjeorganet Distriktsenergi er bekymret&quot;,&quot;class&quot;:&quot;&quot;}\" data-attr-target=\"0\" data-extra_key=\"\" data-option-inline=\"1\" data-shortcode=\"tcb_post_title\" data-shortcode-name=\"Post title\"><a href=\"https:\/\/ams.monster\/blogg\/fatt-krav-pa-ams-gebyr-hvordan-skrive-en-apenbart-ikke-grunnlos-innsigelse\/\" title=\"F\u00e5tt krav p\u00e5 AMS-gebyr \u2013 Hvordan skrive en \u00e5penbart ikke grunnl\u00f8s innsigelse?\" style=\"outline: none;\">F\u00e5tt krav p\u00e5 AMS-gebyr \u2013 Hvordan skrive en \u00e5penbart ikke grunnl\u00f8s innsigelse?<\/a><\/span><\/p>\n<p><a href=\"https:\/\/ams.monster\/blogg\/gebyr-saker-i-forliksradet\/\" target=\"_blank\" style=\"outline: none;\">Forliksr\u00e5dets behandling av gebyr saker<\/a><\/p>\n<p><a href=\"https:\/\/ams.monster\/blogg\/stromstengning-i-domstolen\/\" target=\"_blank\" style=\"outline: none;\">Domstolens behandling av str\u00f8mstenging<\/a><\/p>\n<p>Publisere dokumenter? <a href=\"https:\/\/ams.monster\/blogg\/gebyr-saker-i-tingretten\/?tve=true&amp;tcbf=ff99dcdb88#tve-jump-177b60cded1\" style=\"outline: none;\">Bruk filopplastningen nederst p\u00e5 siden.<\/a>.<\/p>\n<p data-end=\"185\" data-start=\"107\"><strong data-end=\"185\" data-start=\"107\">Forvaltningens rolle i rettsanvendelsen \u2013 en trussel mot rettssikkerheten?<\/strong><\/p>\n<p data-end=\"489\" data-start=\"187\">I flere dommer kan man legge merke til at domstolene i stor grad legger vekt p\u00e5 vurderingene og forvaltningspraksisen til Reguleringsmyndigheten for energi i NVE (RME), ofte som eneste rettskilde. Dette skjer til tross for at gjeldende lover og forskrifter burde v\u00e6re det prim\u00e6re rettslige grunnlaget.<\/p>\n<p data-end=\"813\" data-start=\"491\">Norges lover vedtas av Stortinget, mens forskrifter utformes av forvaltningen. Over tid har antallet og detaljgraden i disse forskriftene \u00f8kt betraktelig. Resultatet er at forskriftene i praksis f\u00e5r en betydning som til dels overg\u00e5r lovene de er ment \u00e5 utfylle \u2013 noe som kan svekke rettssikkerheten, s\u00e6rlig for forbrukere.<\/p>\n<p data-end=\"1087\" data-start=\"815\">N\u00e5r saksbehandlere i RME kun forholder seg til egne forskrifter og ikke vurderer relevant lovverk i tilstrekkelig grad, gir det grunn til bekymring. Dette rokker ved det juridiske hierarkiet i norsk rett: Grunnloven st\u00e5r \u00f8verst, deretter f\u00f8lger lovene, og s\u00e5 forskriftene.<\/p>\n<p data-end=\"1304\" data-start=\"1089\">Forvaltningspraksis er riktignok en relevant rettskilde, men den har ingen formell autoritet i seg selv. Hovedregelen er at slik praksis ikke skal tillegges stor vekt, med mindre den bygger p\u00e5 en klar lovforst\u00e5else.<\/p>\n<p data-end=\"1437\" data-start=\"1306\">Som Dagens Perspektiv nylig p\u00e5pekte: Det er grunn til \u00e5 sp\u00f8rre om lovverket i \u00f8kende grad overstyres av forskrifter.<a href=\"https:\/\/www.dagensperspektiv.no\/nyheter\/mener-lovverket-overstyres-av-forskrifter\/396405\" target=\"_blank\"> [Les mer her.]<\/a><\/p>\n<h3 id=\"t-1672419070676\"><strong>2021<\/strong><\/h3>\n<p><strong>Gebyr<\/strong><a href=\"https:\/\/ams.monster\/dom\/Follo-tingrett-dom-i-sak-20-183643TVI-FOLL-Udekkede-krav-om-%20betaling-for-AMS-gebyr-23.3.2021-avskjermet.pdf\" target=\"_blank\" style=\"outline: none;\"><strong>24.03.2021 i Follo tingrett kjennelse sak 20-183643TVI-FOLL<\/strong><\/a>. Udekkede krav om betaling for AMS-gebyr. Str\u00f8mselskapet Ustekveikja Energi AS, gjennomfakturering av gebyr. Merk at saken gjaldt ogs\u00e5 andre ubetalte krav. <a href=\"https:\/\/ams.monster\/blogg\/dommer-fra-norske-domstoler\/?tve=true&amp;tcbf=adedacec1b#tve-jump-17b894b29f8\" style=\"outline: none;\">Overpr\u00f8ving av dom fra forliksr\u00e5det i Oppeg\u00e5rd av 20.10.2020<\/a>. Dommeren har jo tolket seg bort i fra hva som faktisk st\u00e5r i forskriftene. S\u00e5nn blir det n\u00e5r det bare vektlegges meningene til NVE\/RME. Hva er vitsen med et lovverk n\u00e5r ingen f\u00f8lger det?<\/p>\n<p><strong>Gebyr<\/strong><a href=\"https:\/\/ams.monster\/dom\/Dom-i-sak-20-136871TVI-GJOV-Betaling-av-faktura-Gj%C3%B8vik-tingrett-1.3.2021-avskjermet.pdf\" target=\"_blank\" style=\"outline: none;\"><strong>1.3.2021 Gj\u00f8vik tingrett kjennelse sak nr. 20-136871TVI-GJOV<\/strong><\/a>. Saken gjelder: Betaling av faktura (et avlesningsgebyr for 2019). Glitre Energi Nett anket forliksdommen som <a href=\"https:\/\/ams.monster\/dom\/Dom-forliksr%C3%A5det-Gran-og-Lunner-20.8.20-understreket-avskjermet.pdf\" target=\"_blank\" style=\"outline: none;\">Forliksr\u00e5det i Gran og Lunner avsa den 20.8.2020<\/a>, som gikk i fav\u00f8r av kunde. Forliksr\u00e5dets medlemmer hadde forst\u00e5tt sp\u00f8rsm\u00e5lene i innsigelsen fra kunden i sakens kjerne . Dette likte ikke Glitre Energi Nett, at en kunde fikk rett.&nbsp;<\/p>\n<h3 id=\"t-1672419070677\"><strong>2020<\/strong><\/h3>\n<p><strong>Gebyr<\/strong><a href=\"https:\/\/ams.monster\/dom\/Halden-tingrett-dom-03.11-2020-avskjermet.pdf\" target=\"_blank\" style=\"outline: none;\"><strong>03.11.2020 i Halden tingrett. Sak nr. 20-103892TVI-HALD<\/strong><\/a>. Saken gjelder: Tvist om gebyr for manuell avlesning av str\u00f8mm\u00e5ler. En merkelig ensidig dom. Kundens privatrettslige forhold ble ikke vurdert. Kunde d\u00f8mt til \u00e5 betale kr. 1718,- + kr. 5605,- til Elvia AS. Opprinnelig tvistesum, fire gebyrer p\u00e5 totalt kr. 687,-. <a href=\"https:\/\/ams.monster\/blogg\/gebyr-saker-i-forliksradet\/\" target=\"_blank\" style=\"outline: none;\">Viser til dom Forliksr\u00e5det i Halden 9.6.20 &#8211; Sak nr. F2020-013390<\/a>.<\/p>\n<p>Anket til Borgarting lagmannsrett. Lagmannsretten samtykket ikke til anket p\u00e5 grunn av tvistesummen var under kr. 125.000. Fordi: dette var det eneste argumentet Elvia hadde \u00e5 komme med. Advokat er satt p\u00e5 saken. Anket til h\u00f8yesterett april 2021, h\u00f8yesterett avviste anken.<\/p>\n<p>Kunden har n\u00e5 stevnet Elvia inn til EMK art. 6 som ogs\u00e5 inneholder et effektivitetskrav i kravet til rettferdig rettergang. Stevninger er satt vent siden Elvia har p\u00e5klaget <a href=\"https:\/\/ams.monster\/blogg\/vedtak-fra-reguleringsmyndigheten-for-energi\/\" target=\"_blank\" style=\"outline: none;\">vedtaket fra RME til Energiklagenemnda (punkt 1)<\/a>. Saken er ikke avsluttet. . Ams.monster f\u00f8lger opp saken.<\/p>\n<p><strong>Gebyr<\/strong><a href=\"https:\/\/ams.monster\/dom\/Dom-i-sak-20-105499TVI-NOMO-NEAS-NETT-avskjermet.pdf\" target=\"_blank\" style=\"outline: none;\"><strong>15.10.2020 Nordm\u00f8re tingrett. Sak nr. 20-105499TVI-NOMO<\/strong><\/a>. Saken gjelder: Pengekrav &#8211; tvist om en faktura utstedt fra NEAS AS. Kunde d\u00f8mt til \u00e5 betale NEAS AS kr. 1000, -. NEAS AS har ikke overholdt sin informasjonsplikt i samsvar med forskrift.<\/p>\n<p><strong>Gebyr<\/strong><a href=\"https:\/\/ams.monster\/dom\/halogaland-lagmannsrett-dom-2020-08-17-skjermet.pdf\" target=\"_blank\" style=\"outline: none;\" id=\"tve-jump-178fad167e7\"><strong>17.8.2020 H\u00e5logaland lagmannsrett. Sak nr. LH-2020-46594 &#8211; Dom Sivilrett<\/strong><\/a>. Saken gjelder: Gebyr for manuell avlesning av str\u00f8mm\u00e5ler. Kontrollforskriften \u00a7 1-3 og \u00a7 17-6. Konklusjon: Lagmannsretten finner etter dette at HLK har hjemmel for innkreving av gebyr for avlesing av manuelle m\u00e5lere <span style=\"text-decoration: underline;\">ved fysisk oppm\u00f8te hos kunden<\/span>. Gebyrets st\u00f8rrelse er ikke tema for lagmannsretten. Anken fra Trondenes tingrett kjennelse fra 9.1.2020 forkastes. Kunde d\u00f8mmes til \u00e5 erstatte H\u00e5logaland Kraft Nett AS sine sakskostnader med 30 000 kroner. Dommen ble anket til H\u00f8yesterett. <a href=\"https:\/\/ams.monster\/dom\/Beslutning-fra-ankeutvalget-avskjermet.pdf\" target=\"_blank\" style=\"outline: none;\">Anken til H\u00f8yesterett kan ikke fremmes uten samtykke fra H\u00f8yesterett ankeutvalg<\/a>. Se sak 19-133788TVI-TRES Trondenes tingrett behandlet 9.1.2020.<\/p>\n<p><strong>Gebyr<\/strong><a href=\"https:\/\/ams.monster\/dom\/smakravsprosessen-dom-trondenes-tingrett-9-1-2020-skjermet.pdf\" target=\"_blank\" style=\"outline: none;\"><strong>09.01.2020 i Trondenes tingrett. Sak nr. 19-133788TVI-TRES<\/strong><\/a>. Saken gjelder: Ulovlig gebyrkrav for ikke montert AMS og om det er grunnlag for \u00e5 kreve avlesningsgebyr for manglende montering av AMS-m\u00e5ler. Konklusjon: H\u00e5logaland Kraft Nett AS har hjemmel til \u00e5 ilegge avlesningsgebyr for manuell avlesning av m\u00e5leutstyr. Kjennelsen anket til H\u00e5logaland lagmannsrett. <a href=\"#tve-jump-178fad167e7\" style=\"outline: none;\"><strong>Se sak nr. LH-2020-46594<\/strong><\/a>.<\/p>\n<p>Dommen er h\u00f8sten 2021 s\u00f8kt omst\u00f8tt til Salten og Lofoten tingrett som har tatt omst\u00f8tingen til f\u00f8lge p\u00e5 grunn av saksbehandlingsfeil av Trondenes tingrett. Ams.monster vil komme tilbake med mer info n\u00e5r saken er ferdigbehandlet.<\/p>\n<p><strong>Gebyr<\/strong><a href=\"https:\/\/ams.monster\/dom\/19-139623TV-TRES-Trondenes-Tingrett-sak-2-av-2-dom-9.1.2020-avskjermet.pdf\" target=\"_blank\" style=\"outline: none;\"><strong>09.01.2020 i Trondenes tingrett. Sak nr. 19-139623TVI-TRES<\/strong><\/a>. Saken gjelder: Ulovlig gebyrkrav for ikke montert AMS . Sak 2 av 2 som nevnt ovenfor. Ikke anket.<\/p>\n<blockquote><p><strong>LES OGS\u00c5<\/strong><a href=\"https:\/\/ams.monster\/blogg\/vedtak-fra-reguleringsmyndigheten-for-energi\/\" target=\"_blank\" style=\"outline: none;\">RME &#8211; Vedtak om beregning av gebyr for manuell avlesning<\/a><\/p><\/blockquote>\n<h4 id=\"tve-jump-177b60cded1\">Legge ut noe viktig?<\/h4>\n<p>Har du viktige dokumenter \u00e5 publisere? Last opp filen lenger ned. Personopplysninger blir sladdet. Det er viktig \u00e5 ha informasjon som er nyttig for forbrukerne, hvordan myndighetene \u2013 de som ut\u00f8ver offentlig makt over innbyggerne. De er basert p\u00e5 NVE\/RMEs meninger. Hvor de tilegner ting som ikke er nevnt i lover og regler. Forvaltningspraksisen til NVE\/RME er i strid med annet lovverk..&nbsp;<\/p>\n<p>Forbrukere har ingen rettssikkerhet i tvister med nettselskaper som monopolister p\u00e5 nettjenester. Flere saker som har kommet inn i rettssystemet viser at gjeldende lover og regler ikke ble tatt hensyn til i dommen. Domstoler d\u00f8mmer ting de ikke forst\u00e5r bare fordi de lytter til NVE\/RMEs meninger. Det er viktig at forbrukere har tilgang til disse dokumentene for \u00e5 gj\u00f8re seg kjent med deres juridiske status. Hva er vitsen med lovverk n\u00e5r det er det motsatte av det som faktisk er skrevet? Hvordan skal forbrukere i en klage finne sin rettsstilling n\u00e5r NVE\/RME skifter mening alt etter hvilken vei vinden bl\u00e5ser? AMS-saken er et godt eksempel p\u00e5 disse meningene og fortolkningene som ikke henger p\u00e5 greip.<\/p>\n<p>Som en h\u00f8yt ansett dommer bemerket i en gjennomgang av flere rettsavgj\u00f8relser: <em>&laquo;B\u00e5de dommere og nettselskapene bruker NVE sine meninger som rettskilde \u2013 og ikke hva som faktisk st\u00e5r i lovverket&raquo;<\/em>..<\/p>\n<p>S\u00f8k p\u00e5 <a href=\"https:\/\/rettspraksis.no\/wiki\/Forside\" target=\"_blank\" style=\"outline: none;\">rettspraksis.no<\/a> &#8211; En fri ressurs for s\u00f8k og innsikt i rettsavgj\u00f8relser.<\/p>\n","protected":false},"excerpt":{"rendered":"<p>Tingrettens behandling av sm\u00e5kravsaker Avlesningsgebyr for kunder uten AMS Sm\u00e5kravsprosess er en enkel, rask og rimelig m\u00e5te \u00e5 behandle sivile tvister p\u00e5. P\u00e5 domstol.no finner du en oversikt over hvilke saker som kan behandles etter reglene om sm\u00e5kravsprosess, samt hva som skjer i slike saker. I det norske rettssystemet er domstolene, konfliktr\u00e5det og forliksr\u00e5det sentrale [&hellip;]<\/p>\n","protected":false},"author":5,"featured_media":0,"parent":0,"menu_order":0,"comment_status":"open","ping_status":"closed","template":"","meta":{"_lmt_disableupdate":"yes","_lmt_disable":"","footnotes":""},"class_list":["post-15002","page","type-page","status-publish","hentry","post-wrapper","thrv_wrapper"],"_links":{"self":[{"href":"https:\/\/ams.monster\/blogg\/wp-json\/wp\/v2\/pages\/15002","targetHints":{"allow":["GET"]}}],"collection":[{"href":"https:\/\/ams.monster\/blogg\/wp-json\/wp\/v2\/pages"}],"about":[{"href":"https:\/\/ams.monster\/blogg\/wp-json\/wp\/v2\/types\/page"}],"author":[{"embeddable":true,"href":"https:\/\/ams.monster\/blogg\/wp-json\/wp\/v2\/users\/5"}],"replies":[{"embeddable":true,"href":"https:\/\/ams.monster\/blogg\/wp-json\/wp\/v2\/comments?post=15002"}],"version-history":[{"count":4,"href":"https:\/\/ams.monster\/blogg\/wp-json\/wp\/v2\/pages\/15002\/revisions"}],"predecessor-version":[{"id":27362,"href":"https:\/\/ams.monster\/blogg\/wp-json\/wp\/v2\/pages\/15002\/revisions\/27362"}],"wp:attachment":[{"href":"https:\/\/ams.monster\/blogg\/wp-json\/wp\/v2\/media?parent=15002"}],"curies":[{"name":"wp","href":"https:\/\/api.w.org\/{rel}","templated":true}]}}