{"id":8,"date":"2019-05-16T14:39:20","date_gmt":"2019-05-16T12:39:20","guid":{"rendered":"http:\/\/www.wpnux.godaddy.com\/personal\/?page_id=8"},"modified":"2026-01-24T13:35:23","modified_gmt":"2026-01-24T13:35:23","slug":"kontakt-monster","status":"publish","type":"page","link":"https:\/\/ams.monster\/blogg\/kontakt-monster\/","title":{"rendered":"Kontakt AMS monster"},"content":{"rendered":"<h3>KONTAKT AMS MONSTER<\/h3>\n<p data-end=\"377\" data-start=\"153\">Har du opplevd urimelig praksis fra nettselskapet ditt knyttet til installasjon av AMS-m\u00e5lere <a href=\"javascript:void(0)\" target=\"_blank\" style=\"outline: none;\">(Avanserte M\u00e5le- og Styringssystemer)<\/a>? AMS monster \u00f8nsker \u00e5 h\u00f8re fra deg. Din erfaring kan v\u00e6re verdifull for andre i lignende situasjoner.<\/p>\n<p data-end=\"653\" data-start=\"379\">Flere kunder opplever at de blir presset til \u00e5 akseptere installasjon av s\u00e5kalte <a href=\"https:\/\/ams.monster\/blogg\/smartmalere\/\" target=\"_blank\">&laquo;smarte str\u00f8mm\u00e5lere&raquo;<\/a>, et krav som f\u00f8lger av AMS-innf\u00f8ringen. Dersom man takker nei til installasjonen, ilegges man ofte et m\u00e5nedlig gebyr \u2013 noe mange oppfatter som b\u00e5de urimelig og urettmessig.<\/p>\n<p data-end=\"829\" data-start=\"655\">Gjennom kontaktskjemaet nedenfor kan du sende inn informasjon om hvordan ditt nettselskap har h\u00e5ndtert saken. Har du dokumentasjon, kan du gjerne legge ved dette som vedlegg.<\/p>\n<p data-end=\"1020\" data-start=\"831\">AMS monster samler inn forbrukererfaringer for \u00e5 belyse hvordan disse sakene h\u00e5ndteres \u2013 og for \u00e5 bidra til at forbrukere st\u00e5r imot utilb\u00f8rlig press fra b\u00e5de nettselskaper og inkassobyr\u00e5er.<\/p>\n<p data-end=\"1159\" data-start=\"1022\">Har du sp\u00f8rsm\u00e5l eller tilbakemeldinger? Ta kontakt via skjemaet. AMS monster svarer s\u00e5 snart vi kan \u2013 vi ber om forst\u00e5else for noe behandlingstid.<\/p>\n<p data-end=\"1191\" data-start=\"1161\">Takk for at du engasjerer deg!<\/p>\n","protected":false},"excerpt":{"rendered":"<p>KONTAKT AMS MONSTER Har du opplevd urimelig praksis fra nettselskapet ditt knyttet til installasjon av AMS-m\u00e5lere (Avanserte M\u00e5le- og Styringssystemer)? AMS monster \u00f8nsker \u00e5 h\u00f8re fra deg. Din erfaring kan v\u00e6re verdifull for andre i lignende situasjoner. Flere kunder opplever at de blir presset til \u00e5 akseptere installasjon av s\u00e5kalte &laquo;smarte str\u00f8mm\u00e5lere&raquo;, et krav som [&hellip;]<\/p>\n","protected":false},"author":5,"featured_media":4271,"parent":0,"menu_order":0,"comment_status":"closed","ping_status":"closed","template":"","meta":{"_lmt_disableupdate":"yes","_lmt_disable":"","footnotes":""},"class_list":["post-8","page","type-page","status-publish","has-post-thumbnail","hentry","post-wrapper","thrv_wrapper"],"_links":{"self":[{"href":"https:\/\/ams.monster\/blogg\/wp-json\/wp\/v2\/pages\/8","targetHints":{"allow":["GET"]}}],"collection":[{"href":"https:\/\/ams.monster\/blogg\/wp-json\/wp\/v2\/pages"}],"about":[{"href":"https:\/\/ams.monster\/blogg\/wp-json\/wp\/v2\/types\/page"}],"author":[{"embeddable":true,"href":"https:\/\/ams.monster\/blogg\/wp-json\/wp\/v2\/users\/5"}],"replies":[{"embeddable":true,"href":"https:\/\/ams.monster\/blogg\/wp-json\/wp\/v2\/comments?post=8"}],"version-history":[{"count":4,"href":"https:\/\/ams.monster\/blogg\/wp-json\/wp\/v2\/pages\/8\/revisions"}],"predecessor-version":[{"id":28140,"href":"https:\/\/ams.monster\/blogg\/wp-json\/wp\/v2\/pages\/8\/revisions\/28140"}],"wp:featuredmedia":[{"embeddable":true,"href":"https:\/\/ams.monster\/blogg\/wp-json\/wp\/v2\/media\/4271"}],"wp:attachment":[{"href":"https:\/\/ams.monster\/blogg\/wp-json\/wp\/v2\/media?parent=8"}],"curies":[{"name":"wp","href":"https:\/\/api.w.org\/{rel}","templated":true}]}}